 - (5 + (-153)/21). Let w(d) = -d**2 - 2*d + 3. Let i(g) = -3*g**2 - 6*g + 9. Let q(r) = p*i(r) - 7*w(r). Determine q(f).
5
Let f = 8 - 6. Suppose 7*d + f*d = 27. Let t(k) = k - 138*k**3 + 66*k**3 + 1 + 71*k**d. What is t(-2)?
7
Let y(w) = w**3 - 2*w**2 + 6*w + 157. Let i be y(0). Let a(c) = i*c + 164*c + 164*c - 479*c - c**2 - 5. Determine a(4).
3
Let j(l) = -46*l - 154. Let q(x) = -28*x - 92. Let m(u) = -11*j(u) + 18*q(u). Calculate m(-17).
4
Let w(g) = g**3 - 12*g**2 - 6*g + 2. Let z(v) = v**3 - 13*v**2 - 7*v + 1. Let a(u) = -7*w(u) + 6*z(u). Let c = -11083 + 11089. Determine a(c).
-8
Let i(j) = -7*j. Let b(h) = 45*h + 9. Let x(s) = 11*s + 2. Let t(z) = 2*b(z) - 9*x(z). Let r(p) = -5*i(p) + 4*t(p). Suppose -30 = -4*l - l. Calculate r(l).
-6
Suppose -3*c + 71 = -4*t + 111, -3*c - 12 = 0. Let m(f) = -f**3 + 7*f**2 - f - 5. Give m(t).
-12
Let g(w) = 38*w**2 + 3. Let s(h) = -3*h - 19. Let f be s(-5). Let i be g(f). Let d(r) = -5*r - r**2 - r + i - 615. Calculate d(-6).
-4
Let h(v) = -v**2 + 23*v + 15. Suppose -8*m = -22*m - 38*m + 1196. Give h(m).
15
Let t(a) = 734*a + 31*a**3 - 32*a**3 + 1 - 19*a**2 + 19 - 753*a. What is t(-18)?
38
Let w(m) = m**2 + 2*m - 25. Suppose -172*t + 169*t + 9 = 0. Suppose 0 = t*o - 4*s + 10, -5*o + 40 = -10*o - 5*s. Give w(o).
-1
Let u be 23/69*(1 - 1 - -33). Let c(g) = -4*g + 32. Let x(l) = -2*l + 17. Let k(v) = u*x(v) - 6*c(v). Give k(10).
15
Let s(h) = -h**3 - 15*h**2 - 19*h + 14. Suppose -161*j - 1149 = 1105. Give s(j).
84
Let u be (-3*1/2)/(189/2142). Let r(t) = 3*t + 63. Give r(u).
12
Let f(b) = -b**3 - 11*b**2 - 31*b - 17. Let q be (-6 + -1)*(-162)/(-324)*(-1 - -3). Determine f(q).
4
Let x(r) = -r**3 - 21*r**2 + 2*r + 35. Let b = -19231 - -19210. Determine x(b).
-7
Let z(d) = -d**2 - 12*d - 3. Let y(p) = 22*p + 21*p + 135 - 71 - 5*p. Let g be y(-2). Determine z(g).
-3
Let o(i) = -i**3 + 24*i**2 - i + 36. Suppose 613*b - 24 + 96 = 616*b. Determine o(b).
12
Let k be 2/(-96)*15/9*1368/(-570). Let b(n) be the second derivative of -7/6*n**3 - 7/2*n**2 - 21*n + k*n**4 + 0. What is b(8)?
1
Let w(i) = -38*i**3 + 2*i**2 + 2*i + 1. Let k(l) = 3*l - 65. Let x be k(23). Suppose -x*f + 2*h = -4, -6*h = -2*h + 16. Give w(f).
39
Let m be -3 + 4 - (-2 - -2). Let o(t) = 102*t - 28*t - 31*t + 1 - 30*t. Calculate o(m).
14
Suppose 1 = -4*c - i, -4*c - 3 = -3*c + 3*i. Suppose 37*l + 18 + 19 = c. Let v(w) = 16*w**3 + 2*w**2 - 1. Calculate v(l).
-15
Let f(t) = t**3 + 9*t**2 + 3*t + 9. Suppose z = -h + 447, 11 = -5*h - 14. Let i = 443 - z. Calculate f(i).
-18
Let g(v) be the third derivative of 0 - 1/6*v**3 - 1/24*v**4 + 0*v - 26*v**2. Give g(2).
-3
Let o(y) = y**3 - 6*y**2 + 2*y + 5. Suppose 0 = -41*w + 1084 + 720. Suppose -26 = 3*s - w. What is o(s)?
17
Let g(v) = -155*v**2 + 639*v - 77. Let s be g(4). Let b be 6/2*4/6. Let n(m) = m - m - b*m + 1. Determine n(s).
3
Let u(r) = r**2 + 5*r**2 - 2518 + 2564 - 7*r**2 - 7*r + 0*r. What is u(-9)?
28
Let b = 79 + 52. Let h = b - 81. Suppose -v + 11*v = -h. Let p(s) = -s**3 - 3*s**2 + 7*s + 7. Give p(v).
22
Let o(m) be the third derivative of m**4/6 + 2*m**3/3 + 20*m**2. Suppose -7*j + 12*h - 53 = 15*h, 2*h + 27 = -3*j. Determine o(j).
-16
Let f(q) = -64*q + 206*q**3 + 58*q + 5 + 4*q**2 - 3 - 207*q**3 + 1. Determine f(3).
-6
Let r be ((-21)/2)/((-11)/22)*(-10)/15. Let v(u) = -5*u - 67. Calculate v(r).
3
Let j(m) = 2*m + 9. Let k(b) = -3*b - 13. Let c(s) = 7*j(s) + 5*k(s). Suppose 100 = -o + 6*o. Suppose -3*p + 2*p - 4*h = 14, -o = 5*h. Calculate c(p).
-4
Let z(q) = -q**3 - 5*q**2 + 5*q - 7. Let u(j) = -21*j + 729. Let r be u(35). Give z(r).
-1
Let c(k) be the first derivative of -k**2/2 + 40*k + 6385. Determine c(41).
-1
Suppose 5*p - 5*c = 10, -c + 6 = 4*p - 6*c. Let w(m) = 37*m**2 - 12*m + 1. Let g be w(1). Let l(u) = -13*u + g*u + 1 - 12*u. Determine l(p).
5
Let u be -3*(0 + (-12)/9) - 6. Let q(z) = z + 1. Let m(k) = 4*k - 2. Let n(y) = u*q(y) + m(y). Determine n(4).
4
Suppose 55*k + 264 = 143*k. Let m(u) be the first derivative of -u**3 + k + 3*u**2 - 1/4*u**4 + u. What is m(-4)?
-7
Let j(l) = -20*l - 15. Let h be ((-8)/(-28))/(4/84). Let z(a) = 57*a + 45. Let c(s) = h*z(s) + 17*j(s). Give c(-7).
1
Let b(o) = 33*o - 13808*o**2 + 6*o - 8*o + 5 + 13809*o**2 + 50. Give b(-29).
-3
Let f(v) = 2*v**3 + 44*v**2 - 2*v - 42. Let u be f(-22). Let r(p) = -66*p**2 + 7*p + 3 + 133*p**2 - 68*p**u. Calculate r(8).
-5
Let h(i) be the second derivative of i**5/20 - 5*i**4/4 - 19*i**3/6 + 31*i**2/2 - 1822*i + 1. Calculate h(16).
-17
Let n(q) = 3*q**2 - q**2 - q**3 + 12948 - 12949. Let w(f) = -2*f**3 + 1. Let t be w(1). Give n(t).
2
Let o(x) = x**2 + 9*x + 7. Suppose -7*g = -n - 3*g - 7, 5*n + g = 7. Let k = n + -29. Let i be 3*k/6*(-2)/(-4). Calculate o(i).
-7
Let c(b) be the first derivative of -19*b**2 + 66*b - 1564. Calculate c(2).
-10
Let v(q) = q**2 - 14*q + 18. Let n be v(13). Let a(r) = 9*r**2 + r + 2. Let y(c) = -28*c**2 + 2*c - 6. Let b(s) = 3*a(s) + y(s). Calculate b(n).
0
Let w(j) be the second derivative of -j**4/12 - 10*j**3/3 + 29*j**2/2 - 1264*j. What is w(-21)?
8
Let z(n) = n + 5*n**2 + 5 - 4 + 0*n**2 - 3 - n**2. Calculate z(0).
-2
Let b(z) be the third derivative of -83*z**2 + z**3 + 0 + 0*z + 1/24*z**4. What is b(-3)?
3
Let j = -365 + 210. Let o = -162 - j. Let n(x) = -x**2 - 6*x - 8. Determine n(o).
-15
Let d = -92 - -96. Suppose 5*z + 5*w = d*z + 26, -5*w = -z - 14. Let k be (-3 + 8/z)*3. Let s(r) = -5*r + 4. Determine s(k).
29
Let u(n) = 21 + 89*n + 21 - 44 - 45*n - 37*n. What is u(5)?
33
Let v = 317 + -319. Let t be v/((-12)/(-18))*(-14)/6. Let f(d) = -d**2 + 7*d - 8. What is f(t)?
-8
Let u(j) be the second derivative of -1 + 20*j + 3/2*j**2 + 1/20*j**5 + 1/2*j**4 - 1/3*j**3. What is u(-6)?
15
Let v(l) = -213*l**3 + 91 + 47*l**2 + 2*l + 138*l**3 + 76*l**3 - 6*l**2 - 2*l**2. Determine v(-39).
13
Let s be (2/(-3))/(8/(-504)*6). Let i(l) = -l - 8 + s - 3 - 9. Let j(m) = -m**2 + 9*m - 8. Let y be j(9). Calculate i(y).
-5
Let g(a) = -3*a + 74. Let t = 440 + -420. Give g(t).
14
Let k(w) be the first derivative of w**6/360 - w**5/30 - w**4/8 - 154*w**3/3 + 137. Let i(g) be the third derivative of k(g). Calculate i(5).
2
Let j(x) be the third derivative of -x**6/120 + x**5/10 + 7*x**4/24 - 2*x**3/3 - 63*x**2. Suppose -5*u + 29 = 2*c, u + 5*c = -0*c - 8. Give j(u).
-4
Let b(z) = -12*z**2 - 1. Suppose 393*i = 392*i - 30. Let q be 1*2 + 18/i*5. Give b(q).
-13
Let d(f) be the third derivative of -f**4/6 - f**3/2 - 615*f**2. What is d(1)?
-7
Let l(p) = -11*p + 4*p + 0*p - 21 - 4*p. Determine l(-4).
23
Let i(k) be the first derivative of k**2 - 6*k - 1636. Determine i(6).
6
Let v(k) = -23*k**2 + 3*k - 3. Let z = 15572 - 15574. Determine v(z).
-101
Let i(n) = -30*n - 914. Let s(f) = -10*f - 310. Let k(u) = 6*i(u) - 17*s(u). Calculate k(-22).
6
Suppose -w - 4*f - 301 = 0, -f = 4*w - 3*f + 1294. Let m = 318 + w. Let k(r) = r**2 + r + 3. Give k(m).
9
Suppose -4*u + 89 - 65 = 2*j, -2*j = -5*u + 48. Let i(m) = -186*m**2 - u + 3*m - 184*m**2 + 2*m + 368*m**2. Determine i(2).
-6
Let t(z) = 137*z**2 - 3*z - 135. Let q(d) = -61*d**2 + d + 68. Let a(c) = 9*q(c) + 4*t(c). Calculate a(7).
2
Suppose -6684 + 7036 = 22*s. Let v(w) = -w**2 + 18*w - 19. Determine v(s).
13
Let m(a) be the third derivative of -a**6/120 - 2*a**5/15 + a**3 - 9*a**2 - 10. Calculate m(-8).
6
Let t = -173 - -202. Let n(q) = 30 - 3*q - q**2 + 35 + t - 96. What is n(-2)?
0
Let f(h) = 74*h + 2668. Let z be f(-36). Let m(v) = -21*v + 30. Calculate m(z).
-54
Let p(o) be the first derivative of 4*o**3/3 + o**2 + 3*o + 6253. Suppose -4 = 4*b - 2*c, -4 = 5*b + 2*c + 10. Determine p(b).
15
Let i(x) = 4*x**2 + x**2 - x - 4*x**2 + 18. Suppose 4*h - c = -2, -205*h = -204*h + 3*c - 6. Calculate i(h).
18
Let y(x) = -12 + 4*x**3 - 4*x - 6*x**3 + x**2 + 5*x + 3*x**3. Suppose -108 = -7*p + 11. Suppose 0 = 15*h - p*h. Determine y(h).
-12
Let h(q) be the second derivative of -q**4/12 + 7*q**3/3 - 47*q**2/2 + 189*q + 35. Calculate h(8).
1
Suppose -190 = 5*c - 3*d - 176, c = -2*d + 5. Let u(m) = 4*m**2 + m + 2. Let i(k) = k**3 - 7*k**2 - 2*k - 4. Let r(f) = -4*i(f) - 7*u(f). Determine r(c).
5
Let f(z) be the second derivative of -z**3/6 - 3*z**2/2 + z. Let p be -75*5/(-30)*2. Suppose 4*i + 37 - p = 0. Determine f(i).
0
Let b(m) = -m**2 - 3*m + 11. Suppo